vert -552 (base 8) to base 11.
-2aa
-1462 (base 11) to base 12
-110b
What is 112122102 (base 3) in base 15?
326b
What is 1447 (base 9) in base 16?
448
What is -494d (base 16) in base 7?
-105465
What is 4122 (base 10) in base 11?
3108
-2314243 (base 5) to base 12
-20253
What is -2111102020 (base 3) in base 15?
-e866
Convert -222001 (base 3) to base 6.
-3131
What is 46431 (base 7) in base 6?
131000
What is -24507 (base 8) in base 15?
-31e7
Convert -8cb (base 16) to base 4.
-203023
-3414 (base 10) to base 14
-135c
-1a352 (base 12) to base 16
-966e
120311 (base 5) to base 9
6101
2312 (base 4) to base 12
132
-12743 (base 8) to base 3
-21200112
4c4 (base 14) to base 12
678
-1113 (base 7) to base 5
-3102
-d02 (base 15) to base 12
-183b
Convert 1013123 (base 4) to base 11.
3486
What is 52a2 (base 11) in base 13?
3262
-34422 (base 5) to base 3
-10102010
Convert -1333 (base 6) to base 3.
-110210
-2100 (base 9) to base 4
-120003
What is 64a (base 12) in base 15?
417
What is -3293 (base 14) in base 3?
-110000012
-110212022 (base 3) to base 8
-22241
What is -11195 (base 11) in base 14?
-5c8d
Convert -106 (base 10) to base 14.
-78
-1127 (base 8) to base 6
-2435
What is 21149 (base 10) in base 16?
529d
Convert -1000001100010 (base 2) to base 14.
-1758
What is 1101000100010 (base 2) in base 15?
1eb0
Convert -140322 (base 5) to base 9.
-7746
What is -624 (base 9) in base 16?
-1fc
Convert 1372 (base 9) to base 5.
13122
Convert 101130 (base 5) to base 13.
1661
What is 2112 (base 6) in base 4?
13130
What is -5034 (base 8) in base 6?
-15552
What is 40888 (base 10) in base 4?
21332320
-30a7 (base 16) to base 13
-5891
1124 (base 5) to base 9
202
-11010101 (base 2) to base 7
-423
Convert -430143 (base 5) to base 16.
-3857
What is 13421 (base 6) in base 10?
2101
What is -875 (base 9) in base 15?
-32b
Convert -cb17 (base 15) to base 10.
-42997
Convert -197c (base 13) to base 8.
-7355
142 (base 7) to base 12
67
Convert -1101221 (base 5) to base 15.
-5926
-20312 (base 7) to base 12
-2a52
Convert -1115 (base 6) to base 5.
-2023
Convert -2140 (base 5) to base 11.
-249
Convert -54a (base 12) to base 16.
-30a
What is 54a (base 11) in base 9?
812
Convert 99 (base 12) to base 16.
75
Convert -1c691 (base 13) to base 15.
-11922
What is 101010110101 (base 2) in base 10?
2741
What is -18d2b (base 14) in base 8?
-172753
What is -1c71 (base 16) in base 8?
-16161
What is 24737 (base 10) in base 16?
60a1
Convert 1cc9 (base 16) to base 6.
54041
Convert -110011000011110 (base 2) to base 11.
-18706
110110010001100 (base 2) to base 16
6c8c
Convert -35511 (base 6) to base 9.
-7057
-55114 (base 6) to base 13
-3601
Convert 11001100000 (base 2) to base 5.
23012
Convert 139 (base 14) to base 9.
304
-4142 (base 7) to base 13
-878
-22346 (base 7) to base 14
-20cd
What is 43333 (base 6) in base 3?
22011210
Convert 662 (base 12) to base 10.
938
1873 (base 9) to base 13
870
What is 13462 (base 7) in base 4?
321112
What is 7443 (base 9) in base 4?
1111122
-11221111 (base 4) to base 13
-a6ab
What is -2b05 (base 14) in base 7?
-31205
32044 (base 8) to base 3
200022101
Convert -20213102 (base 4) to base 9.
-53352
Convert -10541 (base 8) to base 16.
-1161
What is 1e5 (base 16) in base 7?
1262
Convert -11753 (base 8) to base 11.
-3916
What is 1829 (base 14) in base 6?
32045
What is 113031 (base 5) in base 14?
171b
15420 (base 6) to base 5
40112
Convert 201220010 (base 3) to base 4.
3202212
Convert 2032 (base 5) to base 4.
10023
Convert 1227 (base 14) to base 4.
301203
What is -852 (base 14) in base 12?
-b48
Convert -8acc (base 16) to base 8.
-105314
What is 2c55 (base 13) in base 15?
1dcc
Convert 41a (base 13) to base 12.
4a3
-20021202 (base 3) to base 4
-1013213
What is -2660 (base 8) in base 10?
-1456
Convert 123201 (base 6) to base 15.
3444
Convert 31882 (base 9) to base 3.
1001222202
What is 973 (base 11) in base 16?
491
-5421 (base 6) to base 7
-3415
Convert -285a (base 15) to base 16.
-21bb
What is c39 (base 13) in base 11?
1618
What is -1100110 (base 2) in base 4?
-1212
88 (base 14) to base 8
170
Convert -30b8 (base 12) to base 2.
-1010011001100
Convert 5bb1 (base 13) to base 4.
3022330
Convert -1010111010001 (base 2) to base 6.
-41505
-21123 (base 5) to base 13
-849
What is -313 (base 9) in base 12?
-193
321211 (base 4) to base 7
13513
203333 (base 4) to base 16
8ff
-10220220110 (base 3) to base 2
-10010110110010101
2584 (base 10) to base 4
220120
What is 143 (base 13) in base 7?
440
1000101001100 (base 2) to base 8
10514
-7aa7 (base 16) to base 2
-111101010100111
-7816 (base 13) to base 3
-211222101
Convert 2000 (base 4) to base 2.
10000000
300 (base 8) to base 12
140
Convert -135041 (base 6) to base 11.
-9659
Convert -13b (base 14) to base 8.
-371
Convert 67 (base 11) to base 5.
243
Convert 1040 (base 6) to base 10.
240
What is -25705 (base 8) in base 12?
-6599
What is -1177 (base 9) in base 13?
-529
What is 1103310 (base 4) in base 8?
12364
What is 1996 (base 10) in base 13?
ba7
Convert 226 (base 9) to base 8.
272
ad7 (base 14) to base 2
100001100101
Convert 9a1 (base 15) to base 6.
14024
-896 (base 11) to base 2
-10000110001
Convert 374 (base 10) to base 14.
1ca
2c31 (base 16) to base 10
11313
-11101 (base 2) to base 7
-41
What is 25ed (base 15) in base 7?
32416
What is -ab11 (base 12) in base 16?
-49bd
What is -2198 (base 10) in base 15?
-9b8
Convert -31323 (base 7) to base 6.
-55410
-433314 (base 5) to base 15
-45de
What is -14d4a (base 15) in base 14?
-1a664
What is 100420 (base 6) in base 9?
11783
Convert -402 (base 7) to base 3.
-21100
Convert -15b (base 13) to base 7.
-500
What is 101022 (base 5) in base 11?
24a6
-100000010101000 (base 2) to base 7
-66154
1012012 (base 4) to base 3
20011011
Convert -6144 (base 11) to base 9.
-12161
What is 76247 (base 8) in base 2?
111110010100111
What is fe1e (base 16) in base 7?
360443
Convert -4c (base 14) to base 12.
-58
What is 429 (base 10) in base 12?
2b9
What is 11002120 (base 3) in base 14?
1133
Convert 323323 (base 5) to base 10.
11088
826b (base 12) to base 16
3773
Convert b3b (base 12) to base 10.
1631
Convert -19a1 (base 11) to base 16.
-9e3
11212120 (base 3) to base 7
13233
-6d0c (base 16) to base 4
-12310030
What is -746 (base 12) in base 15?
-4ac
What is 1332 (base 8) in base 6?
3214
-d3ed (base 15) to base 14
-12461
What is 10330 (base 4) in base 3?
102201
What is 41751 (base 10) in base 8?
121427
What is -21561 (base 7) in base 15?
-1923
What is 8e (base 15) in base 5?
1014
125454 (base 6) to base 14
4346
What is -1185 (base 11) in base 4?
-120021
1ab (base 16) to base 15
1d7
What is 157 (base 15) in base 4?
10303
What is -1111000 (base 2) in base 10?
-120
Convert -22301 (base 6) to base 9.
-4261
What is -d278 (base 15) in base 13?
-172c4
Convert 8184 (base 10) to base 6.
101520
17 (base 10) to base 3
122
What is 32213 (base 4) in base 14?
4ab
Convert -111100010011 (base 2) to base 3.
-12021221
Convert 17c43 (base 14) to base 13.
21431
Convert 1170 (base 13) to base 9.
3330
Convert 279b (base 12) to base 7.
16235
17023 (base 9) to base 16
2da5
2244 (base 7) to base 2
1100110000
Convert -130 (base 13) to base 2.
-11010000
Convert 110001101011 (base 2) to base 14.
1231
What is -1039 (base 14) in base 8?
-5353
Convert 11a0 (base 11) to base 9.
2125
-773 (base 8) to base 4
-13323
What is -301 (base 7) in base 3?
-12111
What is -57ec (base 16) in base 8?
-53754
-55563 (base 10) to base 7
-320664
-5120 (base 7) to base 12
-1042
What is -2126 (base 11) in base 13?
-1383
-22344 (base 6) to base 16
-c58
Convert 11010111101000 (base 2) to base 10.
13800
What is -139 (base 13) in base 14?
-117
What is 54351 (base 7) in base 3?
200121020
What is -2c30 (base 14) in base 4?
-1323022
Convert -107135 (base 8) to base 14.
-d3d3
Convert 14310 (base 6) to base 7.
6426
Convert -41334 (base 7) to base 9.
-14783
-115 (base 6) to base 7
-65
-154 (base 14) to base 10
-270
Convert -3461 (base 13) to base 6.
-54002
-110101100100101 (base 2) to base 15
-81d9
What is 247 (base 8) in base 9?
205
What is -10a4 (base 15) in base 8?
-6711
What is 7542 (base 8) in base 4?
331202
Convert -6282 (base 11) to base 2.
-10000001111110
Convert -112120 (base 4) to base 10.
-1432
What is -3c7a (base 14) in base 5?
-320232
What is -535 (base 9) in base 13?
-278
-4766 (base